{"id":1268,"date":"2019-02-02T15:11:19","date_gmt":"2019-02-02T15:11:19","guid":{"rendered":"http:\/\/concerned-coyote.w5.wpsandbox.pro\/?page_id=24"},"modified":"2021-03-15T17:36:05","modified_gmt":"2021-03-15T16:36:05","slug":"home","status":"publish","type":"page","link":"https:\/\/www.opako.pl\/","title":{"rendered":"Start"},"content":{"rendered":"\t\t<div data-elementor-type=\"wp-post\" data-elementor-id=\"1268\" class=\"elementor elementor-1268\">\n\t\t\t\t\t\t<section class=\"elementor-section elementor-top-section elementor-element elementor-element-5fd90f6 elementor-section-content-middle elementor-section-height-full elementor-section-boxed elementor-section-height-default elementor-section-items-middle\" data-id=\"5fd90f6\" data-element_type=\"section\" data-e-type=\"section\" data-settings=\"{&quot;background_background&quot;:&quot;classic&quot;}\">\n\t\t\t\t\t\t\t<div class=\"elementor-background-overlay\"><\/div>\n\t\t\t\t\t\t\t<div class=\"elementor-container elementor-column-gap-default\">\n\t\t\t\t\t<div class=\"elementor-column elementor-col-33 elementor-top-column elementor-element elementor-element-aa082af\" data-id=\"aa082af\" data-element_type=\"column\" data-e-type=\"column\">\n\t\t\t<div class=\"elementor-widget-wrap\">\n\t\t\t\t\t\t\t<\/div>\n\t\t<\/div>\n\t\t\t\t<div class=\"elementor-column elementor-col-33 elementor-top-column elementor-element elementor-element-4b5cd2f\" data-id=\"4b5cd2f\" data-element_type=\"column\" data-e-type=\"column\">\n\t\t\t<div class=\"elementor-widget-wrap elementor-element-populated\">\n\t\t\t\t\t\t<div class=\"elementor-element elementor-element-5048a85 elementor-widget elementor-widget-heading\" data-id=\"5048a85\" data-element_type=\"widget\" data-e-type=\"widget\" data-widget_type=\"heading.default\">\n\t\t\t\t<div class=\"elementor-widget-container\">\n\t\t\t\t\t<h2 class=\"elementor-heading-title elementor-size-default\">Zapraszamy do naszej drukarni rodzinnej!<\/h2>\t\t\t\t<\/div>\n\t\t\t\t<\/div>\n\t\t\t\t<section class=\"elementor-section elementor-inner-section elementor-element elementor-element-c712222 elementor-section-boxed elementor-section-height-default elementor-section-height-default\" data-id=\"c712222\" data-element_type=\"section\" data-e-type=\"section\">\n\t\t\t\t\t\t<div class=\"elementor-container elementor-column-gap-default\">\n\t\t\t\t\t<div class=\"elementor-column elementor-col-50 elementor-inner-column elementor-element elementor-element-e9e71ba\" data-id=\"e9e71ba\" data-element_type=\"column\" data-e-type=\"column\">\n\t\t\t<div class=\"elementor-widget-wrap elementor-element-populated\">\n\t\t\t\t\t\t<div class=\"elementor-element elementor-element-cf500b4 elementor-align-right elementor-mobile-align-center elementor-widget elementor-widget-button\" data-id=\"cf500b4\" data-element_type=\"widget\" data-e-type=\"widget\" data-widget_type=\"button.default\">\n\t\t\t\t<div class=\"elementor-widget-container\">\n\t\t\t\t\t\t\t\t\t<div class=\"elementor-button-wrapper\">\n\t\t\t\t\t<a class=\"elementor-button elementor-button-link elementor-size-md\" href=\"http:\/\/opako.pl\/index.php\/oferta\/\">\n\t\t\t\t\t\t<span class=\"elementor-button-content-wrapper\">\n\t\t\t\t\t\t\t\t\t<span class=\"elementor-button-text\">OFERTA<\/span>\n\t\t\t\t\t<\/span>\n\t\t\t\t\t<\/a>\n\t\t\t\t<\/div>\n\t\t\t\t\t\t\t\t<\/div>\n\t\t\t\t<\/div>\n\t\t\t\t\t<\/div>\n\t\t<\/div>\n\t\t\t\t<div class=\"elementor-column elementor-col-50 elementor-inner-column elementor-element elementor-element-1cb3700\" data-id=\"1cb3700\" data-element_type=\"column\" data-e-type=\"column\">\n\t\t\t<div class=\"elementor-widget-wrap elementor-element-populated\">\n\t\t\t\t\t\t<div class=\"elementor-element elementor-element-fdb4062 elementor-align-left elementor-mobile-align-center elementor-widget elementor-widget-button\" data-id=\"fdb4062\" data-element_type=\"widget\" data-e-type=\"widget\" data-widget_type=\"button.default\">\n\t\t\t\t<div class=\"elementor-widget-container\">\n\t\t\t\t\t\t\t\t\t<div class=\"elementor-button-wrapper\">\n\t\t\t\t\t<a class=\"elementor-button elementor-button-link elementor-size-md\" href=\"http:\/\/opako.pl\/index.php\/kontakt\/\">\n\t\t\t\t\t\t<span class=\"elementor-button-content-wrapper\">\n\t\t\t\t\t\t\t\t\t<span class=\"elementor-button-text\">KONTAKT<\/span>\n\t\t\t\t\t<\/span>\n\t\t\t\t\t<\/a>\n\t\t\t\t<\/div>\n\t\t\t\t\t\t\t\t<\/div>\n\t\t\t\t<\/div>\n\t\t\t\t\t<\/div>\n\t\t<\/div>\n\t\t\t\t\t<\/div>\n\t\t<\/section>\n\t\t\t\t\t<\/div>\n\t\t<\/div>\n\t\t\t\t<div class=\"elementor-column elementor-col-33 elementor-top-column elementor-element elementor-element-28e56a9\" data-id=\"28e56a9\" data-element_type=\"column\" data-e-type=\"column\">\n\t\t\t<div class=\"elementor-widget-wrap elementor-element-populated\">\n\t\t\t\t\t\t<div class=\"elementor-element elementor-element-34c76f1 elementor-widget elementor-widget-image\" data-id=\"34c76f1\" data-element_type=\"widget\" data-e-type=\"widget\" data-widget_type=\"image.default\">\n\t\t\t\t<div class=\"elementor-widget-container\">\n\t\t\t\t\t\t\t\t\t\t\t\t\t\t\t<img fetchpriority=\"high\" decoding=\"async\" width=\"1024\" height=\"932\" src=\"https:\/\/www.opako.pl\/wp-content\/uploads\/2020\/03\/IFR-1-1024x932.png\" class=\"attachment-large size-large wp-image-1719\" alt=\"logo IFR\" srcset=\"https:\/\/www.opako.pl\/wp-content\/uploads\/2020\/03\/IFR-1-1024x932.png 1024w, https:\/\/www.opako.pl\/wp-content\/uploads\/2020\/03\/IFR-1-300x273.png 300w, https:\/\/www.opako.pl\/wp-content\/uploads\/2020\/03\/IFR-1-768x699.png 768w, https:\/\/www.opako.pl\/wp-content\/uploads\/2020\/03\/IFR-1-1536x1398.png 1536w, https:\/\/www.opako.pl\/wp-content\/uploads\/2020\/03\/IFR-1.png 1857w\" sizes=\"(max-width: 1024px) 100vw, 1024px\" \/>\t\t\t\t\t\t\t\t\t\t\t\t\t\t\t<\/div>\n\t\t\t\t<\/div>\n\t\t\t\t\t<\/div>\n\t\t<\/div>\n\t\t\t\t\t<\/div>\n\t\t<\/section>\n\t\t\t\t<section class=\"elementor-section elementor-top-section elementor-element elementor-element-56c8017 elementor-section-boxed elementor-section-height-default elementor-section-height-default\" data-id=\"56c8017\" data-element_type=\"section\" data-e-type=\"section\">\n\t\t\t\t\t\t<div class=\"elementor-container elementor-column-gap-default\">\n\t\t\t\t\t<div class=\"elementor-column elementor-col-100 elementor-top-column elementor-element elementor-element-1c1f3ff\" data-id=\"1c1f3ff\" data-element_type=\"column\" data-e-type=\"column\">\n\t\t\t<div class=\"elementor-widget-wrap elementor-element-populated\">\n\t\t\t\t\t\t<section class=\"elementor-section elementor-inner-section elementor-element elementor-element-f3a63cb elementor-section-boxed elementor-section-height-default elementor-section-height-default\" data-id=\"f3a63cb\" data-element_type=\"section\" data-e-type=\"section\">\n\t\t\t\t\t\t<div class=\"elementor-container elementor-column-gap-default\">\n\t\t\t\t\t<div class=\"elementor-column elementor-col-50 elementor-inner-column elementor-element elementor-element-7b1640e\" data-id=\"7b1640e\" data-element_type=\"column\" data-e-type=\"column\">\n\t\t\t<div class=\"elementor-widget-wrap elementor-element-populated\">\n\t\t\t\t\t\t<div class=\"elementor-element elementor-element-82e06ee elementor-widget elementor-widget-image\" data-id=\"82e06ee\" data-element_type=\"widget\" data-e-type=\"widget\" data-widget_type=\"image.default\">\n\t\t\t\t<div class=\"elementor-widget-container\">\n\t\t\t\t\t\t\t\t\t\t\t\t\t\t\t<img decoding=\"async\" width=\"1024\" height=\"674\" src=\"https:\/\/www.opako.pl\/wp-content\/uploads\/2021\/01\/o-nas-opako-1024x674.png\" class=\"attachment-large size-large wp-image-1808\" alt=\"o nas\" srcset=\"https:\/\/www.opako.pl\/wp-content\/uploads\/2021\/01\/o-nas-opako-1024x674.png 1024w, https:\/\/www.opako.pl\/wp-content\/uploads\/2021\/01\/o-nas-opako-300x197.png 300w, https:\/\/www.opako.pl\/wp-content\/uploads\/2021\/01\/o-nas-opako-768x506.png 768w, https:\/\/www.opako.pl\/wp-content\/uploads\/2021\/01\/o-nas-opako-1536x1011.png 1536w, https:\/\/www.opako.pl\/wp-content\/uploads\/2021\/01\/o-nas-opako.png 1592w\" sizes=\"(max-width: 1024px) 100vw, 1024px\" \/>\t\t\t\t\t\t\t\t\t\t\t\t\t\t\t<\/div>\n\t\t\t\t<\/div>\n\t\t\t\t\t<\/div>\n\t\t<\/div>\n\t\t\t\t<div class=\"elementor-column elementor-col-50 elementor-inner-column elementor-element elementor-element-5b31d9c\" data-id=\"5b31d9c\" data-element_type=\"column\" data-e-type=\"column\">\n\t\t\t<div class=\"elementor-widget-wrap elementor-element-populated\">\n\t\t\t\t\t\t<div class=\"elementor-element elementor-element-a6b865f elementor-widget elementor-widget-heading\" data-id=\"a6b865f\" data-element_type=\"widget\" data-e-type=\"widget\" data-widget_type=\"heading.default\">\n\t\t\t\t<div class=\"elementor-widget-container\">\n\t\t\t\t\t<h4 class=\"elementor-heading-title elementor-size-default\">Nasza przygoda z poligrafi\u0105 zacz\u0119\u0142a si\u0119 w roku 1984.<\/h4>\t\t\t\t<\/div>\n\t\t\t\t<\/div>\n\t\t\t\t<div class=\"elementor-element elementor-element-afbf121 elementor-widget elementor-widget-text-editor\" data-id=\"afbf121\" data-element_type=\"widget\" data-e-type=\"widget\" data-widget_type=\"text-editor.default\">\n\t\t\t\t<div class=\"elementor-widget-container\">\n\t\t\t\t\t\t\t\t\t<p>Dzia\u0142amy na rynku od ponad trzydziestu lat. Jeste\u015bmy ma\u0142ym przedsi\u0119biorstwem rodzinnym. Zaczynali\u015bmy od produkcji opakowa\u0144, a p\u00f3\u017aniej wprowadzili\u015bmy do oferty druk. W tej chwili nasza oferta obejmuje o wiele wi\u0119cej produkt\u00f3w (od druku po wyko\u0144czenie). Zmieniamy si\u0119 i dostosowujemy do zmian na rynku poligraficznym.<\/p><p>Specjalizujemy si\u0119 w zakresie niskonak\u0142adowego druku, foliowania oraz wykrawania.<\/p>\t\t\t\t\t\t\t\t<\/div>\n\t\t\t\t<\/div>\n\t\t\t\t\t<\/div>\n\t\t<\/div>\n\t\t\t\t\t<\/div>\n\t\t<\/section>\n\t\t\t\t\t<\/div>\n\t\t<\/div>\n\t\t\t\t\t<\/div>\n\t\t<\/section>\n\t\t\t\t<section class=\"elementor-section elementor-top-section elementor-element elementor-element-713307e elementor-section-boxed elementor-section-height-default elementor-section-height-default\" data-id=\"713307e\" data-element_type=\"section\" data-e-type=\"section\" data-settings=\"{&quot;background_background&quot;:&quot;classic&quot;}\">\n\t\t\t\t\t\t<div class=\"elementor-container elementor-column-gap-default\">\n\t\t\t\t\t<div class=\"elementor-column elementor-col-33 elementor-top-column elementor-element elementor-element-ded5ca2\" data-id=\"ded5ca2\" data-element_type=\"column\" data-e-type=\"column\" data-settings=\"{&quot;background_background&quot;:&quot;classic&quot;}\">\n\t\t\t<div class=\"elementor-widget-wrap elementor-element-populated\">\n\t\t\t\t\t\t<div class=\"elementor-element elementor-element-fb0e406 elementor-position-top elementor-widget elementor-widget-image-box\" data-id=\"fb0e406\" data-element_type=\"widget\" data-e-type=\"widget\" data-widget_type=\"image-box.default\">\n\t\t\t\t<div class=\"elementor-widget-container\">\n\t\t\t\t\t<div class=\"elementor-image-box-wrapper\"><figure class=\"elementor-image-box-img\"><img decoding=\"async\" width=\"2560\" height=\"2115\" src=\"https:\/\/www.opako.pl\/wp-content\/uploads\/2020\/02\/znak_firma_rodzinna-CS2-scaled.jpg\" class=\"attachment-full size-full wp-image-11\" alt=\"znak_firma_rodzinna-CS2\" srcset=\"https:\/\/www.opako.pl\/wp-content\/uploads\/2020\/02\/znak_firma_rodzinna-CS2-scaled.jpg 2560w, https:\/\/www.opako.pl\/wp-content\/uploads\/2020\/02\/znak_firma_rodzinna-CS2-scaled-600x496.jpg 600w, https:\/\/www.opako.pl\/wp-content\/uploads\/2020\/02\/znak_firma_rodzinna-CS2-300x248.jpg 300w, https:\/\/www.opako.pl\/wp-content\/uploads\/2020\/02\/znak_firma_rodzinna-CS2-1024x846.jpg 1024w, https:\/\/www.opako.pl\/wp-content\/uploads\/2020\/02\/znak_firma_rodzinna-CS2-768x635.jpg 768w\" sizes=\"(max-width: 2560px) 100vw, 2560px\" \/><\/figure><div class=\"elementor-image-box-content\"><h3 class=\"elementor-image-box-title\">Firma Rodzinna<\/h3><p class=\"elementor-image-box-description\">To dobra marka, kt\u00f3ra cieszy si\u0119 zaufaniem.<\/p><\/div><\/div>\t\t\t\t<\/div>\n\t\t\t\t<\/div>\n\t\t\t\t\t<\/div>\n\t\t<\/div>\n\t\t\t\t<div class=\"elementor-column elementor-col-33 elementor-top-column elementor-element elementor-element-73c1688\" data-id=\"73c1688\" data-element_type=\"column\" data-e-type=\"column\" data-settings=\"{&quot;background_background&quot;:&quot;classic&quot;}\">\n\t\t\t<div class=\"elementor-widget-wrap elementor-element-populated\">\n\t\t\t\t\t\t<div class=\"elementor-element elementor-element-cee28b8 elementor-position-top elementor-widget elementor-widget-image-box\" data-id=\"cee28b8\" data-element_type=\"widget\" data-e-type=\"widget\" data-widget_type=\"image-box.default\">\n\t\t\t\t<div class=\"elementor-widget-container\">\n\t\t\t\t\t<div class=\"elementor-image-box-wrapper\"><figure class=\"elementor-image-box-img\"><img loading=\"lazy\" decoding=\"async\" width=\"122\" height=\"138\" src=\"https:\/\/www.opako.pl\/wp-content\/uploads\/2019\/10\/mission.png\" class=\"attachment-full size-full wp-image-1312\" alt=\"\" \/><\/figure><div class=\"elementor-image-box-content\"><h3 class=\"elementor-image-box-title\">Jako\u015b\u0107<\/h3><p class=\"elementor-image-box-description\">Gwarantujemy stabilno\u015b\u0107, uczciwo\u015b\u0107 i dba\u0142o\u015b\u0107 o \nnajwy\u017csz\u0105 jako\u015b\u0107 dostarczanych produkt\u00f3w i us\u0142ug.<\/p><\/div><\/div>\t\t\t\t<\/div>\n\t\t\t\t<\/div>\n\t\t\t\t\t<\/div>\n\t\t<\/div>\n\t\t\t\t<div class=\"elementor-column elementor-col-33 elementor-top-column elementor-element elementor-element-1326b6a\" data-id=\"1326b6a\" data-element_type=\"column\" data-e-type=\"column\" data-settings=\"{&quot;background_background&quot;:&quot;classic&quot;}\">\n\t\t\t<div class=\"elementor-widget-wrap elementor-element-populated\">\n\t\t\t\t\t\t<div class=\"elementor-element elementor-element-61eba0b elementor-position-top elementor-widget elementor-widget-image-box\" data-id=\"61eba0b\" data-element_type=\"widget\" data-e-type=\"widget\" data-widget_type=\"image-box.default\">\n\t\t\t\t<div class=\"elementor-widget-container\">\n\t\t\t\t\t<div class=\"elementor-image-box-wrapper\"><figure class=\"elementor-image-box-img\"><img loading=\"lazy\" decoding=\"async\" width=\"111\" height=\"124\" src=\"https:\/\/www.opako.pl\/wp-content\/uploads\/2019\/10\/lorem.png\" class=\"attachment-full size-full wp-image-1311\" alt=\"\" \/><\/figure><div class=\"elementor-image-box-content\"><h3 class=\"elementor-image-box-title\">Historia<\/h3><p class=\"elementor-image-box-description\">Ponad 30 lat na rynku!\nDo\u015bwiadczenie i elastyczno\u015b\u0107 to nasz atut.<\/p><\/div><\/div>\t\t\t\t<\/div>\n\t\t\t\t<\/div>\n\t\t\t\t\t<\/div>\n\t\t<\/div>\n\t\t\t\t\t<\/div>\n\t\t<\/section>\n\t\t\t\t<\/div>\n\t\t","protected":false},"excerpt":{"rendered":"<p>Zapraszamy do naszej drukarni rodzinnej! OFERTA KONTAKT Nasza przygoda z poligrafi\u0105 zacz\u0119\u0142a si\u0119 w roku 1984. Dzia\u0142amy na rynku od ponad trzydziestu lat. Jeste\u015bmy ma\u0142ym przedsi\u0119biorstwem rodzinnym. Zaczynali\u015bmy od produkcji opakowa\u0144, a p\u00f3\u017aniej wprowadzili\u015bmy do oferty druk. W tej chwili nasza oferta obejmuje o wiele wi\u0119cej produkt\u00f3w (od druku po wyko\u0144czenie). Zmieniamy si\u0119 i dostosowujemy [&hellip;]<\/p>\n","protected":false},"author":1,"featured_media":0,"parent":0,"menu_order":0,"comment_status":"closed","ping_status":"closed","template":"page-templates\/pagebuilder.php","meta":{"zakra_page_container_layout":"stretched","zakra_page_sidebar_layout":"no_sidebar","zakra_remove_content_margin":false,"zakra_sidebar":"customizer","zakra_transparent_header":"0","zakra_logo":0,"zakra_main_header_style":"default","zakra_menu_item_color":"","zakra_menu_item_hover_color":"","zakra_menu_item_active_color":"","zakra_menu_active_style":"","zakra_page_header":true,"footnotes":""},"class_list":["post-1268","page","type-page","status-publish","hentry"],"yoast_head":"<!-- This site is optimized with the Yoast SEO plugin v27.4 - https:\/\/yoast.com\/product\/yoast-seo-wordpress\/ -->\n<title>Start &#8211; Opako Druk Pozna\u0144<\/title>\n<meta name=\"robots\" content=\"index, follow, max-snippet:-1, max-image-preview:large, max-video-preview:-1\" \/>\n<link rel=\"canonical\" href=\"https:\/\/www.opako.pl\/\" \/>\n<meta property=\"og:locale\" content=\"pl_PL\" \/>\n<meta property=\"og:type\" content=\"article\" \/>\n<meta property=\"og:title\" content=\"Start &#8211; Opako Druk Pozna\u0144\" \/>\n<meta property=\"og:description\" content=\"Zapraszamy do naszej drukarni rodzinnej! OFERTA KONTAKT Nasza przygoda z poligrafi\u0105 zacz\u0119\u0142a si\u0119 w roku 1984. Dzia\u0142amy na rynku od ponad trzydziestu lat. Jeste\u015bmy ma\u0142ym przedsi\u0119biorstwem rodzinnym. Zaczynali\u015bmy od produkcji opakowa\u0144, a p\u00f3\u017aniej wprowadzili\u015bmy do oferty druk. W tej chwili nasza oferta obejmuje o wiele wi\u0119cej produkt\u00f3w (od druku po wyko\u0144czenie). Zmieniamy si\u0119 i dostosowujemy [&hellip;]\" \/>\n<meta property=\"og:url\" content=\"https:\/\/www.opako.pl\/\" \/>\n<meta property=\"og:site_name\" content=\"Opako Druk Pozna\u0144\" \/>\n<meta property=\"article:modified_time\" content=\"2021-03-15T16:36:05+00:00\" \/>\n<meta property=\"og:image\" content=\"https:\/\/www.opako.pl\/wp-content\/uploads\/2020\/03\/IFR-1-1024x932.png\" \/>\n<meta name=\"twitter:card\" content=\"summary_large_image\" \/>\n<meta name=\"twitter:label1\" content=\"Szacowany czas czytania\" \/>\n\t<meta name=\"twitter:data1\" content=\"2 minuty\" \/>\n<script type=\"application\/ld+json\" class=\"yoast-schema-graph\">{\"@context\":\"https:\\\/\\\/schema.org\",\"@graph\":[{\"@type\":\"WebPage\",\"@id\":\"https:\\\/\\\/www.opako.pl\\\/\",\"url\":\"https:\\\/\\\/www.opako.pl\\\/\",\"name\":\"Start &#8211; Opako Druk Pozna\u0144\",\"isPartOf\":{\"@id\":\"https:\\\/\\\/www.opako.pl\\\/#website\"},\"primaryImageOfPage\":{\"@id\":\"https:\\\/\\\/www.opako.pl\\\/#primaryimage\"},\"image\":{\"@id\":\"https:\\\/\\\/www.opako.pl\\\/#primaryimage\"},\"thumbnailUrl\":\"https:\\\/\\\/www.opako.pl\\\/wp-content\\\/uploads\\\/2020\\\/03\\\/IFR-1-1024x932.png\",\"datePublished\":\"2019-02-02T15:11:19+00:00\",\"dateModified\":\"2021-03-15T16:36:05+00:00\",\"breadcrumb\":{\"@id\":\"https:\\\/\\\/www.opako.pl\\\/#breadcrumb\"},\"inLanguage\":\"pl-PL\",\"potentialAction\":[{\"@type\":\"ReadAction\",\"target\":[\"https:\\\/\\\/www.opako.pl\\\/\"]}]},{\"@type\":\"ImageObject\",\"inLanguage\":\"pl-PL\",\"@id\":\"https:\\\/\\\/www.opako.pl\\\/#primaryimage\",\"url\":\"https:\\\/\\\/www.opako.pl\\\/wp-content\\\/uploads\\\/2020\\\/03\\\/IFR-1.png\",\"contentUrl\":\"https:\\\/\\\/www.opako.pl\\\/wp-content\\\/uploads\\\/2020\\\/03\\\/IFR-1.png\",\"width\":1857,\"height\":1690,\"caption\":\"logo IFR\"},{\"@type\":\"BreadcrumbList\",\"@id\":\"https:\\\/\\\/www.opako.pl\\\/#breadcrumb\",\"itemListElement\":[{\"@type\":\"ListItem\",\"position\":1,\"name\":\"Strona g\u0142\u00f3wna\",\"item\":\"https:\\\/\\\/www.opako.pl\\\/\"},{\"@type\":\"ListItem\",\"position\":2,\"name\":\"Start\"}]},{\"@type\":\"WebSite\",\"@id\":\"https:\\\/\\\/www.opako.pl\\\/#website\",\"url\":\"https:\\\/\\\/www.opako.pl\\\/\",\"name\":\"Opako Druk Pozna\u0144\",\"description\":\"druk cyfrowy, foliowanie, sztancowanie\",\"publisher\":{\"@id\":\"https:\\\/\\\/www.opako.pl\\\/#organization\"},\"potentialAction\":[{\"@type\":\"SearchAction\",\"target\":{\"@type\":\"EntryPoint\",\"urlTemplate\":\"https:\\\/\\\/www.opako.pl\\\/?s={search_term_string}\"},\"query-input\":{\"@type\":\"PropertyValueSpecification\",\"valueRequired\":true,\"valueName\":\"search_term_string\"}}],\"inLanguage\":\"pl-PL\"},{\"@type\":\"Organization\",\"@id\":\"https:\\\/\\\/www.opako.pl\\\/#organization\",\"name\":\"Opako\",\"url\":\"https:\\\/\\\/www.opako.pl\\\/\",\"logo\":{\"@type\":\"ImageObject\",\"inLanguage\":\"pl-PL\",\"@id\":\"https:\\\/\\\/www.opako.pl\\\/#\\\/schema\\\/logo\\\/image\\\/\",\"url\":\"https:\\\/\\\/www.opako.pl\\\/wp-content\\\/uploads\\\/2020\\\/02\\\/opako-ma\u0142e.png\",\"contentUrl\":\"https:\\\/\\\/www.opako.pl\\\/wp-content\\\/uploads\\\/2020\\\/02\\\/opako-ma\u0142e.png\",\"width\":250,\"height\":74,\"caption\":\"Opako\"},\"image\":{\"@id\":\"https:\\\/\\\/www.opako.pl\\\/#\\\/schema\\\/logo\\\/image\\\/\"}}]}<\/script>\n<!-- \/ Yoast SEO plugin. -->","yoast_head_json":{"title":"Start &#8211; Opako Druk Pozna\u0144","robots":{"index":"index","follow":"follow","max-snippet":"max-snippet:-1","max-image-preview":"max-image-preview:large","max-video-preview":"max-video-preview:-1"},"canonical":"https:\/\/www.opako.pl\/","og_locale":"pl_PL","og_type":"article","og_title":"Start &#8211; Opako Druk Pozna\u0144","og_description":"Zapraszamy do naszej drukarni rodzinnej! OFERTA KONTAKT Nasza przygoda z poligrafi\u0105 zacz\u0119\u0142a si\u0119 w roku 1984. Dzia\u0142amy na rynku od ponad trzydziestu lat. Jeste\u015bmy ma\u0142ym przedsi\u0119biorstwem rodzinnym. Zaczynali\u015bmy od produkcji opakowa\u0144, a p\u00f3\u017aniej wprowadzili\u015bmy do oferty druk. W tej chwili nasza oferta obejmuje o wiele wi\u0119cej produkt\u00f3w (od druku po wyko\u0144czenie). Zmieniamy si\u0119 i dostosowujemy [&hellip;]","og_url":"https:\/\/www.opako.pl\/","og_site_name":"Opako Druk Pozna\u0144","article_modified_time":"2021-03-15T16:36:05+00:00","og_image":[{"url":"https:\/\/www.opako.pl\/wp-content\/uploads\/2020\/03\/IFR-1-1024x932.png","type":"","width":"","height":""}],"twitter_card":"summary_large_image","twitter_misc":{"Szacowany czas czytania":"2 minuty"},"schema":{"@context":"https:\/\/schema.org","@graph":[{"@type":"WebPage","@id":"https:\/\/www.opako.pl\/","url":"https:\/\/www.opako.pl\/","name":"Start &#8211; Opako Druk Pozna\u0144","isPartOf":{"@id":"https:\/\/www.opako.pl\/#website"},"primaryImageOfPage":{"@id":"https:\/\/www.opako.pl\/#primaryimage"},"image":{"@id":"https:\/\/www.opako.pl\/#primaryimage"},"thumbnailUrl":"https:\/\/www.opako.pl\/wp-content\/uploads\/2020\/03\/IFR-1-1024x932.png","datePublished":"2019-02-02T15:11:19+00:00","dateModified":"2021-03-15T16:36:05+00:00","breadcrumb":{"@id":"https:\/\/www.opako.pl\/#breadcrumb"},"inLanguage":"pl-PL","potentialAction":[{"@type":"ReadAction","target":["https:\/\/www.opako.pl\/"]}]},{"@type":"ImageObject","inLanguage":"pl-PL","@id":"https:\/\/www.opako.pl\/#primaryimage","url":"https:\/\/www.opako.pl\/wp-content\/uploads\/2020\/03\/IFR-1.png","contentUrl":"https:\/\/www.opako.pl\/wp-content\/uploads\/2020\/03\/IFR-1.png","width":1857,"height":1690,"caption":"logo IFR"},{"@type":"BreadcrumbList","@id":"https:\/\/www.opako.pl\/#breadcrumb","itemListElement":[{"@type":"ListItem","position":1,"name":"Strona g\u0142\u00f3wna","item":"https:\/\/www.opako.pl\/"},{"@type":"ListItem","position":2,"name":"Start"}]},{"@type":"WebSite","@id":"https:\/\/www.opako.pl\/#website","url":"https:\/\/www.opako.pl\/","name":"Opako Druk Pozna\u0144","description":"druk cyfrowy, foliowanie, sztancowanie","publisher":{"@id":"https:\/\/www.opako.pl\/#organization"},"potentialAction":[{"@type":"SearchAction","target":{"@type":"EntryPoint","urlTemplate":"https:\/\/www.opako.pl\/?s={search_term_string}"},"query-input":{"@type":"PropertyValueSpecification","valueRequired":true,"valueName":"search_term_string"}}],"inLanguage":"pl-PL"},{"@type":"Organization","@id":"https:\/\/www.opako.pl\/#organization","name":"Opako","url":"https:\/\/www.opako.pl\/","logo":{"@type":"ImageObject","inLanguage":"pl-PL","@id":"https:\/\/www.opako.pl\/#\/schema\/logo\/image\/","url":"https:\/\/www.opako.pl\/wp-content\/uploads\/2020\/02\/opako-ma\u0142e.png","contentUrl":"https:\/\/www.opako.pl\/wp-content\/uploads\/2020\/02\/opako-ma\u0142e.png","width":250,"height":74,"caption":"Opako"},"image":{"@id":"https:\/\/www.opako.pl\/#\/schema\/logo\/image\/"}}]}},"_links":{"self":[{"href":"https:\/\/www.opako.pl\/index.php\/wp-json\/wp\/v2\/pages\/1268","targetHints":{"allow":["GET"]}}],"collection":[{"href":"https:\/\/www.opako.pl\/index.php\/wp-json\/wp\/v2\/pages"}],"about":[{"href":"https:\/\/www.opako.pl\/index.php\/wp-json\/wp\/v2\/types\/page"}],"author":[{"embeddable":true,"href":"https:\/\/www.opako.pl\/index.php\/wp-json\/wp\/v2\/users\/1"}],"replies":[{"embeddable":true,"href":"https:\/\/www.opako.pl\/index.php\/wp-json\/wp\/v2\/comments?post=1268"}],"version-history":[{"count":35,"href":"https:\/\/www.opako.pl\/index.php\/wp-json\/wp\/v2\/pages\/1268\/revisions"}],"predecessor-version":[{"id":1918,"href":"https:\/\/www.opako.pl\/index.php\/wp-json\/wp\/v2\/pages\/1268\/revisions\/1918"}],"wp:attachment":[{"href":"https:\/\/www.opako.pl\/index.php\/wp-json\/wp\/v2\/media?parent=1268"}],"curies":[{"name":"wp","href":"https:\/\/api.w.org\/{rel}","templated":true}]}}