{"id":1571,"date":"2020-03-19T18:02:13","date_gmt":"2020-03-19T17:02:13","guid":{"rendered":"http:\/\/opako.pl\/?page_id=1571"},"modified":"2021-02-24T19:24:43","modified_gmt":"2021-02-24T18:24:43","slug":"oferta","status":"publish","type":"page","link":"https:\/\/www.opako.pl\/index.php\/oferta\/","title":{"rendered":"Oferta"},"content":{"rendered":"\t\t<div data-elementor-type=\"wp-page\" data-elementor-id=\"1571\" class=\"elementor elementor-1571\">\n\t\t\t\t\t\t<section class=\"elementor-section elementor-top-section elementor-element elementor-element-6e2ebbb5 elementor-section-boxed elementor-section-height-default elementor-section-height-default\" data-id=\"6e2ebbb5\" data-element_type=\"section\" data-e-type=\"section\" data-settings=\"{&quot;background_background&quot;:&quot;classic&quot;}\">\n\t\t\t\t\t\t<div class=\"elementor-container elementor-column-gap-default\">\n\t\t\t\t\t<div class=\"elementor-column elementor-col-100 elementor-top-column elementor-element elementor-element-391f506a\" data-id=\"391f506a\" data-element_type=\"column\" data-e-type=\"column\">\n\t\t\t<div class=\"elementor-widget-wrap elementor-element-populated\">\n\t\t\t\t\t\t<div class=\"elementor-element elementor-element-1db297df elementor-widget elementor-widget-spacer\" data-id=\"1db297df\" data-element_type=\"widget\" data-e-type=\"widget\" data-widget_type=\"spacer.default\">\n\t\t\t\t<div class=\"elementor-widget-container\">\n\t\t\t\t\t\t\t<div class=\"elementor-spacer\">\n\t\t\t<div class=\"elementor-spacer-inner\"><\/div>\n\t\t<\/div>\n\t\t\t\t\t\t<\/div>\n\t\t\t\t<\/div>\n\t\t\t\t<div class=\"elementor-element elementor-element-3fb27eb elementor-widget elementor-widget-heading\" data-id=\"3fb27eb\" data-element_type=\"widget\" data-e-type=\"widget\" data-widget_type=\"heading.default\">\n\t\t\t\t<div class=\"elementor-widget-container\">\n\t\t\t\t\t<h2 class=\"elementor-heading-title elementor-size-default\">Zapraszamy do zapoznania si\u0119 z nasz\u0105 ofert\u0105.<\/h2>\t\t\t\t<\/div>\n\t\t\t\t<\/div>\n\t\t\t\t<section class=\"elementor-section elementor-inner-section elementor-element elementor-element-3604e682 elementor-section-content-top elementor-section-full_width elementor-section-height-default elementor-section-height-default\" data-id=\"3604e682\" data-element_type=\"section\" data-e-type=\"section\">\n\t\t\t\t\t\t<div class=\"elementor-container elementor-column-gap-default\">\n\t\t\t\t\t<div class=\"elementor-column elementor-col-33 elementor-inner-column elementor-element elementor-element-20a53b1e\" data-id=\"20a53b1e\" data-element_type=\"column\" data-e-type=\"column\" data-settings=\"{&quot;background_background&quot;:&quot;classic&quot;}\">\n\t\t\t<div class=\"elementor-widget-wrap elementor-element-populated\">\n\t\t\t\t\t\t<div class=\"elementor-element elementor-element-3814a3ea elementor-widget elementor-widget-image\" data-id=\"3814a3ea\" data-element_type=\"widget\" data-e-type=\"widget\" data-widget_type=\"image.default\">\n\t\t\t\t<div class=\"elementor-widget-container\">\n\t\t\t\t\t\t\t\t\t\t\t\t\t\t\t\t<a href=\"http:\/\/opako.pl\/index.php\/druk\/\">\n\t\t\t\t\t\t\t<img fetchpriority=\"high\" decoding=\"async\" width=\"1348\" height=\"900\" src=\"https:\/\/www.opako.pl\/wp-content\/uploads\/2020\/02\/mika-baumeister-gjPSrg4xSNM-unsplash1.jpg\" class=\"attachment-full size-full wp-image-1398\" alt=\"pantone\" srcset=\"https:\/\/www.opako.pl\/wp-content\/uploads\/2020\/02\/mika-baumeister-gjPSrg4xSNM-unsplash1.jpg 1348w, https:\/\/www.opako.pl\/wp-content\/uploads\/2020\/02\/mika-baumeister-gjPSrg4xSNM-unsplash1-300x200.jpg 300w, https:\/\/www.opako.pl\/wp-content\/uploads\/2020\/02\/mika-baumeister-gjPSrg4xSNM-unsplash1-1024x684.jpg 1024w, https:\/\/www.opako.pl\/wp-content\/uploads\/2020\/02\/mika-baumeister-gjPSrg4xSNM-unsplash1-768x513.jpg 768w\" sizes=\"(max-width: 1348px) 100vw, 1348px\" \/>\t\t\t\t\t\t\t\t<\/a>\n\t\t\t\t\t\t\t\t\t\t\t\t\t\t\t<\/div>\n\t\t\t\t<\/div>\n\t\t\t\t<div class=\"elementor-element elementor-element-24b8b1e8 elementor-widget elementor-widget-heading\" data-id=\"24b8b1e8\" data-element_type=\"widget\" data-e-type=\"widget\" data-widget_type=\"heading.default\">\n\t\t\t\t<div class=\"elementor-widget-container\">\n\t\t\t\t\t<h4 class=\"elementor-heading-title elementor-size-xxl\">DRUK<\/h4>\t\t\t\t<\/div>\n\t\t\t\t<\/div>\n\t\t\t\t<div class=\"elementor-element elementor-element-79e38534 elementor-widget elementor-widget-text-editor\" data-id=\"79e38534\" data-element_type=\"widget\" data-e-type=\"widget\" data-widget_type=\"text-editor.default\">\n\t\t\t\t<div class=\"elementor-widget-container\">\n\t\t\t\t\t\t\t\t\t<p>Drukujemy technologi\u0105 cyfrow\u0105. Dzi\u0119ki temu zapewniamy dobr\u0105 jako\u015b\u0107 produkt\u00f3w przy szybkim terminie realizacji. <\/p>\t\t\t\t\t\t\t\t<\/div>\n\t\t\t\t<\/div>\n\t\t\t\t\t<\/div>\n\t\t<\/div>\n\t\t\t\t<div class=\"elementor-column elementor-col-33 elementor-inner-column elementor-element elementor-element-4083597d\" data-id=\"4083597d\" data-element_type=\"column\" data-e-type=\"column\" data-settings=\"{&quot;background_background&quot;:&quot;classic&quot;}\">\n\t\t\t<div class=\"elementor-widget-wrap elementor-element-populated\">\n\t\t\t\t\t\t<div class=\"elementor-element elementor-element-3ad229a elementor-widget elementor-widget-image\" data-id=\"3ad229a\" data-element_type=\"widget\" data-e-type=\"widget\" data-widget_type=\"image.default\">\n\t\t\t\t<div class=\"elementor-widget-container\">\n\t\t\t\t\t\t\t\t\t\t\t\t\t\t\t\t<a href=\"http:\/\/opako.pl\/index.php\/foliowanie\/\">\n\t\t\t\t\t\t\t<img decoding=\"async\" width=\"2560\" height=\"1700\" src=\"https:\/\/www.opako.pl\/wp-content\/uploads\/2020\/03\/f3-scaled.jpg\" class=\"attachment-full size-full wp-image-1458\" alt=\"foliowanie\" srcset=\"https:\/\/www.opako.pl\/wp-content\/uploads\/2020\/03\/f3-scaled.jpg 2560w, https:\/\/www.opako.pl\/wp-content\/uploads\/2020\/03\/f3-300x199.jpg 300w, https:\/\/www.opako.pl\/wp-content\/uploads\/2020\/03\/f3-1024x680.jpg 1024w, https:\/\/www.opako.pl\/wp-content\/uploads\/2020\/03\/f3-768x510.jpg 768w, https:\/\/www.opako.pl\/wp-content\/uploads\/2020\/03\/f3-1536x1020.jpg 1536w, https:\/\/www.opako.pl\/wp-content\/uploads\/2020\/03\/f3-2048x1360.jpg 2048w\" sizes=\"(max-width: 2560px) 100vw, 2560px\" \/>\t\t\t\t\t\t\t\t<\/a>\n\t\t\t\t\t\t\t\t\t\t\t\t\t\t\t<\/div>\n\t\t\t\t<\/div>\n\t\t\t\t<div class=\"elementor-element elementor-element-39f455b4 elementor-widget elementor-widget-heading\" data-id=\"39f455b4\" data-element_type=\"widget\" data-e-type=\"widget\" data-widget_type=\"heading.default\">\n\t\t\t\t<div class=\"elementor-widget-container\">\n\t\t\t\t\t<h4 class=\"elementor-heading-title elementor-size-large\">FOLIOWANIE<\/h4>\t\t\t\t<\/div>\n\t\t\t\t<\/div>\n\t\t\t\t<div class=\"elementor-element elementor-element-b0be06c elementor-widget elementor-widget-text-editor\" data-id=\"b0be06c\" data-element_type=\"widget\" data-e-type=\"widget\" data-widget_type=\"text-editor.default\">\n\t\t\t\t<div class=\"elementor-widget-container\">\n\t\t\t\t\t\t\t\t\t<p>Naszym Klientom oferujemy us\u0142ug\u0119 foliowania arkuszy. Nowa maszyna automatyczna w naszej firmie zapewnia najwy\u017csz\u0105 jako\u015b\u0107 nak\u0142adania folii.<\/p>\t\t\t\t\t\t\t\t<\/div>\n\t\t\t\t<\/div>\n\t\t\t\t\t<\/div>\n\t\t<\/div>\n\t\t\t\t<div class=\"elementor-column elementor-col-33 elementor-inner-column elementor-element elementor-element-6cfdd483\" data-id=\"6cfdd483\" data-element_type=\"column\" data-e-type=\"column\" data-settings=\"{&quot;background_background&quot;:&quot;classic&quot;}\">\n\t\t\t<div class=\"elementor-widget-wrap elementor-element-populated\">\n\t\t\t\t\t\t<div class=\"elementor-element elementor-element-62dc334a elementor-widget elementor-widget-image\" data-id=\"62dc334a\" data-element_type=\"widget\" data-e-type=\"widget\" data-widget_type=\"image.default\">\n\t\t\t\t<div class=\"elementor-widget-container\">\n\t\t\t\t\t\t\t\t\t\t\t\t\t\t\t\t<a href=\"http:\/\/opako.pl\/index.php\/sztancowanie\/\">\n\t\t\t\t\t\t\t<img decoding=\"async\" width=\"2940\" height=\"1885\" src=\"https:\/\/www.opako.pl\/wp-content\/uploads\/2020\/03\/pud.png\" class=\"attachment-full size-full wp-image-1474\" alt=\"wykr\u00f3j pude\u0142ka\" srcset=\"https:\/\/www.opako.pl\/wp-content\/uploads\/2020\/03\/pud.png 2940w, https:\/\/www.opako.pl\/wp-content\/uploads\/2020\/03\/pud-300x192.png 300w, https:\/\/www.opako.pl\/wp-content\/uploads\/2020\/03\/pud-1024x657.png 1024w, https:\/\/www.opako.pl\/wp-content\/uploads\/2020\/03\/pud-768x492.png 768w, https:\/\/www.opako.pl\/wp-content\/uploads\/2020\/03\/pud-1536x985.png 1536w\" sizes=\"(max-width: 2940px) 100vw, 2940px\" \/>\t\t\t\t\t\t\t\t<\/a>\n\t\t\t\t\t\t\t\t\t\t\t\t\t\t\t<\/div>\n\t\t\t\t<\/div>\n\t\t\t\t<div class=\"elementor-element elementor-element-2504516d elementor-widget elementor-widget-heading\" data-id=\"2504516d\" data-element_type=\"widget\" data-e-type=\"widget\" data-widget_type=\"heading.default\">\n\t\t\t\t<div class=\"elementor-widget-container\">\n\t\t\t\t\t<h4 class=\"elementor-heading-title elementor-size-medium\">WYKRAWANIE I T\u0141OCZENIE<\/h4>\t\t\t\t<\/div>\n\t\t\t\t<\/div>\n\t\t\t\t<div class=\"elementor-element elementor-element-31753b19 elementor-widget elementor-widget-text-editor\" data-id=\"31753b19\" data-element_type=\"widget\" data-e-type=\"widget\" data-widget_type=\"text-editor.default\">\n\t\t\t\t<div class=\"elementor-widget-container\">\n\t\t\t\t\t\t\t\t\t<p>\u015awiadczymy us\u0142ugi sztancowania, t\u0142oczenia, bigowania, nacinania i perforowania.<\/p>\t\t\t\t\t\t\t\t<\/div>\n\t\t\t\t<\/div>\n\t\t\t\t\t<\/div>\n\t\t<\/div>\n\t\t\t\t\t<\/div>\n\t\t<\/section>\n\t\t\t\t\t<\/div>\n\t\t<\/div>\n\t\t\t\t\t<\/div>\n\t\t<\/section>\n\t\t\t\t<\/div>\n\t\t","protected":false},"excerpt":{"rendered":"<p>Zapraszamy do zapoznania si\u0119 z nasz\u0105 ofert\u0105. DRUK Drukujemy technologi\u0105 cyfrow\u0105. Dzi\u0119ki temu zapewniamy dobr\u0105 jako\u015b\u0107 produkt\u00f3w przy szybkim terminie realizacji. FOLIOWANIE Naszym Klientom oferujemy us\u0142ug\u0119 foliowania arkuszy. Nowa maszyna automatyczna w naszej firmie zapewnia najwy\u017csz\u0105 jako\u015b\u0107 nak\u0142adania folii. WYKRAWANIE I T\u0141OCZENIE \u015awiadczymy us\u0142ugi sztancowania, t\u0142oczenia, bigowania, nacinania i perforowania.<\/p>\n","protected":false},"author":1,"featured_media":0,"parent":0,"menu_order":0,"comment_status":"closed","ping_status":"closed","template":"","meta":{"zakra_page_container_layout":"customizer","zakra_page_sidebar_layout":"customizer","zakra_remove_content_margin":false,"zakra_sidebar":"customizer","zakra_transparent_header":"customizer","zakra_logo":0,"zakra_main_header_style":"default","zakra_menu_item_color":"","zakra_menu_item_hover_color":"","zakra_menu_item_active_color":"","zakra_menu_active_style":"","zakra_page_header":true,"footnotes":""},"class_list":["post-1571","page","type-page","status-publish","hentry"],"yoast_head":"<!-- This site is optimized with the Yoast SEO plugin v27.4 - https:\/\/yoast.com\/product\/yoast-seo-wordpress\/ -->\n<title>Oferta &#8211; Opako Druk Pozna\u0144<\/title>\n<meta name=\"robots\" content=\"index, follow, max-snippet:-1, max-image-preview:large, max-video-preview:-1\" \/>\n<link rel=\"canonical\" href=\"https:\/\/www.opako.pl\/index.php\/oferta\/\" \/>\n<meta property=\"og:locale\" content=\"pl_PL\" \/>\n<meta property=\"og:type\" content=\"article\" \/>\n<meta property=\"og:title\" content=\"Oferta &#8211; Opako Druk Pozna\u0144\" \/>\n<meta property=\"og:description\" content=\"Zapraszamy do zapoznania si\u0119 z nasz\u0105 ofert\u0105. DRUK Drukujemy technologi\u0105 cyfrow\u0105. Dzi\u0119ki temu zapewniamy dobr\u0105 jako\u015b\u0107 produkt\u00f3w przy szybkim terminie realizacji. FOLIOWANIE Naszym Klientom oferujemy us\u0142ug\u0119 foliowania arkuszy. Nowa maszyna automatyczna w naszej firmie zapewnia najwy\u017csz\u0105 jako\u015b\u0107 nak\u0142adania folii. WYKRAWANIE I T\u0141OCZENIE \u015awiadczymy us\u0142ugi sztancowania, t\u0142oczenia, bigowania, nacinania i perforowania.\" \/>\n<meta property=\"og:url\" content=\"https:\/\/www.opako.pl\/index.php\/oferta\/\" \/>\n<meta property=\"og:site_name\" content=\"Opako Druk Pozna\u0144\" \/>\n<meta property=\"article:modified_time\" content=\"2021-02-24T18:24:43+00:00\" \/>\n<meta property=\"og:image\" content=\"https:\/\/www.opako.pl\/wp-content\/uploads\/2020\/02\/mika-baumeister-gjPSrg4xSNM-unsplash1.jpg\" \/>\n<meta name=\"twitter:card\" content=\"summary_large_image\" \/>\n<meta name=\"twitter:label1\" content=\"Szacowany czas czytania\" \/>\n\t<meta name=\"twitter:data1\" content=\"1 minuta\" \/>\n<script type=\"application\/ld+json\" class=\"yoast-schema-graph\">{\"@context\":\"https:\\\/\\\/schema.org\",\"@graph\":[{\"@type\":\"WebPage\",\"@id\":\"https:\\\/\\\/www.opako.pl\\\/index.php\\\/oferta\\\/\",\"url\":\"https:\\\/\\\/www.opako.pl\\\/index.php\\\/oferta\\\/\",\"name\":\"Oferta &#8211; Opako Druk Pozna\u0144\",\"isPartOf\":{\"@id\":\"https:\\\/\\\/www.opako.pl\\\/#website\"},\"primaryImageOfPage\":{\"@id\":\"https:\\\/\\\/www.opako.pl\\\/index.php\\\/oferta\\\/#primaryimage\"},\"image\":{\"@id\":\"https:\\\/\\\/www.opako.pl\\\/index.php\\\/oferta\\\/#primaryimage\"},\"thumbnailUrl\":\"https:\\\/\\\/www.opako.pl\\\/wp-content\\\/uploads\\\/2020\\\/02\\\/mika-baumeister-gjPSrg4xSNM-unsplash1.jpg\",\"datePublished\":\"2020-03-19T17:02:13+00:00\",\"dateModified\":\"2021-02-24T18:24:43+00:00\",\"breadcrumb\":{\"@id\":\"https:\\\/\\\/www.opako.pl\\\/index.php\\\/oferta\\\/#breadcrumb\"},\"inLanguage\":\"pl-PL\",\"potentialAction\":[{\"@type\":\"ReadAction\",\"target\":[\"https:\\\/\\\/www.opako.pl\\\/index.php\\\/oferta\\\/\"]}]},{\"@type\":\"ImageObject\",\"inLanguage\":\"pl-PL\",\"@id\":\"https:\\\/\\\/www.opako.pl\\\/index.php\\\/oferta\\\/#primaryimage\",\"url\":\"https:\\\/\\\/www.opako.pl\\\/wp-content\\\/uploads\\\/2020\\\/02\\\/mika-baumeister-gjPSrg4xSNM-unsplash1.jpg\",\"contentUrl\":\"https:\\\/\\\/www.opako.pl\\\/wp-content\\\/uploads\\\/2020\\\/02\\\/mika-baumeister-gjPSrg4xSNM-unsplash1.jpg\",\"width\":1348,\"height\":900,\"caption\":\"pantone\"},{\"@type\":\"BreadcrumbList\",\"@id\":\"https:\\\/\\\/www.opako.pl\\\/index.php\\\/oferta\\\/#breadcrumb\",\"itemListElement\":[{\"@type\":\"ListItem\",\"position\":1,\"name\":\"Strona g\u0142\u00f3wna\",\"item\":\"https:\\\/\\\/www.opako.pl\\\/\"},{\"@type\":\"ListItem\",\"position\":2,\"name\":\"Oferta\"}]},{\"@type\":\"WebSite\",\"@id\":\"https:\\\/\\\/www.opako.pl\\\/#website\",\"url\":\"https:\\\/\\\/www.opako.pl\\\/\",\"name\":\"Opako Druk Pozna\u0144\",\"description\":\"druk cyfrowy, foliowanie, sztancowanie\",\"publisher\":{\"@id\":\"https:\\\/\\\/www.opako.pl\\\/#organization\"},\"potentialAction\":[{\"@type\":\"SearchAction\",\"target\":{\"@type\":\"EntryPoint\",\"urlTemplate\":\"https:\\\/\\\/www.opako.pl\\\/?s={search_term_string}\"},\"query-input\":{\"@type\":\"PropertyValueSpecification\",\"valueRequired\":true,\"valueName\":\"search_term_string\"}}],\"inLanguage\":\"pl-PL\"},{\"@type\":\"Organization\",\"@id\":\"https:\\\/\\\/www.opako.pl\\\/#organization\",\"name\":\"Opako\",\"url\":\"https:\\\/\\\/www.opako.pl\\\/\",\"logo\":{\"@type\":\"ImageObject\",\"inLanguage\":\"pl-PL\",\"@id\":\"https:\\\/\\\/www.opako.pl\\\/#\\\/schema\\\/logo\\\/image\\\/\",\"url\":\"https:\\\/\\\/www.opako.pl\\\/wp-content\\\/uploads\\\/2020\\\/02\\\/opako-ma\u0142e.png\",\"contentUrl\":\"https:\\\/\\\/www.opako.pl\\\/wp-content\\\/uploads\\\/2020\\\/02\\\/opako-ma\u0142e.png\",\"width\":250,\"height\":74,\"caption\":\"Opako\"},\"image\":{\"@id\":\"https:\\\/\\\/www.opako.pl\\\/#\\\/schema\\\/logo\\\/image\\\/\"}}]}<\/script>\n<!-- \/ Yoast SEO plugin. -->","yoast_head_json":{"title":"Oferta &#8211; Opako Druk Pozna\u0144","robots":{"index":"index","follow":"follow","max-snippet":"max-snippet:-1","max-image-preview":"max-image-preview:large","max-video-preview":"max-video-preview:-1"},"canonical":"https:\/\/www.opako.pl\/index.php\/oferta\/","og_locale":"pl_PL","og_type":"article","og_title":"Oferta &#8211; Opako Druk Pozna\u0144","og_description":"Zapraszamy do zapoznania si\u0119 z nasz\u0105 ofert\u0105. DRUK Drukujemy technologi\u0105 cyfrow\u0105. Dzi\u0119ki temu zapewniamy dobr\u0105 jako\u015b\u0107 produkt\u00f3w przy szybkim terminie realizacji. FOLIOWANIE Naszym Klientom oferujemy us\u0142ug\u0119 foliowania arkuszy. Nowa maszyna automatyczna w naszej firmie zapewnia najwy\u017csz\u0105 jako\u015b\u0107 nak\u0142adania folii. WYKRAWANIE I T\u0141OCZENIE \u015awiadczymy us\u0142ugi sztancowania, t\u0142oczenia, bigowania, nacinania i perforowania.","og_url":"https:\/\/www.opako.pl\/index.php\/oferta\/","og_site_name":"Opako Druk Pozna\u0144","article_modified_time":"2021-02-24T18:24:43+00:00","og_image":[{"url":"https:\/\/www.opako.pl\/wp-content\/uploads\/2020\/02\/mika-baumeister-gjPSrg4xSNM-unsplash1.jpg","type":"","width":"","height":""}],"twitter_card":"summary_large_image","twitter_misc":{"Szacowany czas czytania":"1 minuta"},"schema":{"@context":"https:\/\/schema.org","@graph":[{"@type":"WebPage","@id":"https:\/\/www.opako.pl\/index.php\/oferta\/","url":"https:\/\/www.opako.pl\/index.php\/oferta\/","name":"Oferta &#8211; Opako Druk Pozna\u0144","isPartOf":{"@id":"https:\/\/www.opako.pl\/#website"},"primaryImageOfPage":{"@id":"https:\/\/www.opako.pl\/index.php\/oferta\/#primaryimage"},"image":{"@id":"https:\/\/www.opako.pl\/index.php\/oferta\/#primaryimage"},"thumbnailUrl":"https:\/\/www.opako.pl\/wp-content\/uploads\/2020\/02\/mika-baumeister-gjPSrg4xSNM-unsplash1.jpg","datePublished":"2020-03-19T17:02:13+00:00","dateModified":"2021-02-24T18:24:43+00:00","breadcrumb":{"@id":"https:\/\/www.opako.pl\/index.php\/oferta\/#breadcrumb"},"inLanguage":"pl-PL","potentialAction":[{"@type":"ReadAction","target":["https:\/\/www.opako.pl\/index.php\/oferta\/"]}]},{"@type":"ImageObject","inLanguage":"pl-PL","@id":"https:\/\/www.opako.pl\/index.php\/oferta\/#primaryimage","url":"https:\/\/www.opako.pl\/wp-content\/uploads\/2020\/02\/mika-baumeister-gjPSrg4xSNM-unsplash1.jpg","contentUrl":"https:\/\/www.opako.pl\/wp-content\/uploads\/2020\/02\/mika-baumeister-gjPSrg4xSNM-unsplash1.jpg","width":1348,"height":900,"caption":"pantone"},{"@type":"BreadcrumbList","@id":"https:\/\/www.opako.pl\/index.php\/oferta\/#breadcrumb","itemListElement":[{"@type":"ListItem","position":1,"name":"Strona g\u0142\u00f3wna","item":"https:\/\/www.opako.pl\/"},{"@type":"ListItem","position":2,"name":"Oferta"}]},{"@type":"WebSite","@id":"https:\/\/www.opako.pl\/#website","url":"https:\/\/www.opako.pl\/","name":"Opako Druk Pozna\u0144","description":"druk cyfrowy, foliowanie, sztancowanie","publisher":{"@id":"https:\/\/www.opako.pl\/#organization"},"potentialAction":[{"@type":"SearchAction","target":{"@type":"EntryPoint","urlTemplate":"https:\/\/www.opako.pl\/?s={search_term_string}"},"query-input":{"@type":"PropertyValueSpecification","valueRequired":true,"valueName":"search_term_string"}}],"inLanguage":"pl-PL"},{"@type":"Organization","@id":"https:\/\/www.opako.pl\/#organization","name":"Opako","url":"https:\/\/www.opako.pl\/","logo":{"@type":"ImageObject","inLanguage":"pl-PL","@id":"https:\/\/www.opako.pl\/#\/schema\/logo\/image\/","url":"https:\/\/www.opako.pl\/wp-content\/uploads\/2020\/02\/opako-ma\u0142e.png","contentUrl":"https:\/\/www.opako.pl\/wp-content\/uploads\/2020\/02\/opako-ma\u0142e.png","width":250,"height":74,"caption":"Opako"},"image":{"@id":"https:\/\/www.opako.pl\/#\/schema\/logo\/image\/"}}]}},"_links":{"self":[{"href":"https:\/\/www.opako.pl\/index.php\/wp-json\/wp\/v2\/pages\/1571","targetHints":{"allow":["GET"]}}],"collection":[{"href":"https:\/\/www.opako.pl\/index.php\/wp-json\/wp\/v2\/pages"}],"about":[{"href":"https:\/\/www.opako.pl\/index.php\/wp-json\/wp\/v2\/types\/page"}],"author":[{"embeddable":true,"href":"https:\/\/www.opako.pl\/index.php\/wp-json\/wp\/v2\/users\/1"}],"replies":[{"embeddable":true,"href":"https:\/\/www.opako.pl\/index.php\/wp-json\/wp\/v2\/comments?post=1571"}],"version-history":[{"count":14,"href":"https:\/\/www.opako.pl\/index.php\/wp-json\/wp\/v2\/pages\/1571\/revisions"}],"predecessor-version":[{"id":1855,"href":"https:\/\/www.opako.pl\/index.php\/wp-json\/wp\/v2\/pages\/1571\/revisions\/1855"}],"wp:attachment":[{"href":"https:\/\/www.opako.pl\/index.php\/wp-json\/wp\/v2\/media?parent=1571"}],"curies":[{"name":"wp","href":"https:\/\/api.w.org\/{rel}","templated":true}]}}